{"id":421,"date":"2019-08-18T09:30:24","date_gmt":"2019-08-18T12:30:24","guid":{"rendered":"http:\/\/zarifhavalandirma.com.tr\/?page_id=421"},"modified":"2019-08-28T00:59:25","modified_gmt":"2019-08-28T03:59:25","slug":"referanslarimiz","status":"publish","type":"page","link":"https:\/\/zarifhavalandirma.com.tr\/?page_id=421","title":{"rendered":"REFERANSLARIMIZ!.."},"content":{"rendered":"<p>[vc_row][vc_column][vc_column_text]<\/p>\n<ul class=\"wp-container-2 wp-block-gallery-1 wp-block-gallery alignwide columns-3 is-cropped\">\n<li class=\"blocks-gallery-item\">\n<figure><a href=\"http:\/\/zarifhavalandirma.com.tr\/wp-content\/uploads\/2019\/08\/luwa-1.png\"><img loading=\"lazy\" width=\"225\" height=\"124\" class=\"wp-image-476\" src=\"http:\/\/zarifhavalandirma.com.tr\/wp-content\/uploads\/2019\/08\/luwa-1.png\" alt=\"\" data-id=\"476\" data-link=\"http:\/\/zarifhavalandirma.com.tr\/?attachment_id=476\" \/><\/a><\/p>\n<figcaption>LUWA HAVALANDIRMA<\/figcaption>\n<\/figure>\n<\/li>\n<li class=\"blocks-gallery-item\">\n<figure><a href=\"http:\/\/zarifhavalandirma.com.tr\/wp-content\/uploads\/2019\/08\/sasa-1.png\"><img loading=\"lazy\" width=\"225\" height=\"124\" class=\"wp-image-483\" src=\"http:\/\/zarifhavalandirma.com.tr\/wp-content\/uploads\/2019\/08\/sasa-1.png\" alt=\"\" data-id=\"483\" data-link=\"http:\/\/zarifhavalandirma.com.tr\/?attachment_id=483\" \/><\/a><\/p>\n<figcaption>SASA POLYESTER-ADANA<\/figcaption>\n<\/figure>\n<\/li>\n<li class=\"blocks-gallery-item\">\n<figure><a href=\"http:\/\/zarifhavalandirma.com.tr\/wp-content\/uploads\/2019\/08\/merinos-1.png\"><img loading=\"lazy\" width=\"225\" height=\"124\" class=\"wp-image-479\" src=\"http:\/\/zarifhavalandirma.com.tr\/wp-content\/uploads\/2019\/08\/merinos-1.png\" alt=\"\" data-id=\"479\" data-link=\"http:\/\/zarifhavalandirma.com.tr\/?attachment_id=479\" \/><\/a><\/p>\n<figcaption>MER\u0130NOS-GAZ\u0130ANTEP<\/figcaption>\n<\/figure>\n<\/li>\n<li class=\"blocks-gallery-item\">\n<figure><a href=\"http:\/\/zarifhavalandirma.com.tr\/wp-content\/uploads\/2019\/08\/hascevher-1.png\"><img loading=\"lazy\" width=\"225\" height=\"124\" class=\"wp-image-474\" src=\"http:\/\/zarifhavalandirma.com.tr\/wp-content\/uploads\/2019\/08\/hascevher-1.png\" alt=\"\" data-id=\"474\" data-link=\"http:\/\/zarifhavalandirma.com.tr\/?attachment_id=474\" \/><\/a><\/p>\n<figcaption>HASCEVHER -K.MARA\u015e<\/figcaption>\n<\/figure>\n<\/li>\n<li class=\"blocks-gallery-item\">\n<figure><a href=\"http:\/\/zarifhavalandirma.com.tr\/wp-content\/uploads\/2019\/08\/iskur-1.png\"><img loading=\"lazy\" width=\"225\" height=\"124\" class=\"wp-image-475\" src=\"http:\/\/zarifhavalandirma.com.tr\/wp-content\/uploads\/2019\/08\/iskur-1.png\" alt=\"\" data-id=\"475\" data-link=\"http:\/\/zarifhavalandirma.com.tr\/?attachment_id=475\" \/><\/a><\/p>\n<figcaption>\u0130SKUR-K.MARA\u015e<\/figcaption>\n<\/figure>\n<\/li>\n<li class=\"blocks-gallery-item\">\n<figure><a href=\"http:\/\/zarifhavalandirma.com.tr\/wp-content\/uploads\/2019\/08\/dokuboy-1.png\"><img loading=\"lazy\" width=\"225\" height=\"124\" class=\"wp-image-470\" src=\"http:\/\/zarifhavalandirma.com.tr\/wp-content\/uploads\/2019\/08\/dokuboy-1.png\" alt=\"\" data-id=\"470\" data-link=\"http:\/\/zarifhavalandirma.com.tr\/?attachment_id=470\" \/><\/a><\/p>\n<figcaption>DOKUBOY-K.MARA\u015e<\/figcaption>\n<\/figure>\n<\/li>\n<li class=\"blocks-gallery-item\">\n<figure><a href=\"http:\/\/zarifhavalandirma.com.tr\/wp-content\/uploads\/2019\/08\/mem-1.png\"><img loading=\"lazy\" width=\"225\" height=\"129\" class=\"wp-image-478\" src=\"http:\/\/zarifhavalandirma.com.tr\/wp-content\/uploads\/2019\/08\/mem-1.png\" alt=\"\" data-id=\"478\" data-link=\"http:\/\/zarifhavalandirma.com.tr\/?attachment_id=478\" \/><\/a><\/p>\n<figcaption>MEM TEKXT\u0130LE -K.MARA\u015e<\/figcaption>\n<\/figure>\n<\/li>\n<li class=\"blocks-gallery-item\">\n<figure><a href=\"http:\/\/zarifhavalandirma.com.tr\/wp-content\/uploads\/2019\/08\/modasan-1.png\"><img loading=\"lazy\" width=\"225\" height=\"201\" class=\"wp-image-481\" src=\"http:\/\/zarifhavalandirma.com.tr\/wp-content\/uploads\/2019\/08\/modasan-1.png\" alt=\"\" data-id=\"481\" data-link=\"http:\/\/zarifhavalandirma.com.tr\/?attachment_id=481\" \/><\/a><\/p>\n<figcaption>MODASAN -K.MARA\u015e<\/figcaption>\n<\/figure>\n<\/li>\n<li class=\"blocks-gallery-item\">\n<figure><a href=\"http:\/\/zarifhavalandirma.com.tr\/wp-content\/uploads\/2019\/08\/gap-1.png\"><img loading=\"lazy\" width=\"225\" height=\"124\" class=\"wp-image-471\" src=\"http:\/\/zarifhavalandirma.com.tr\/wp-content\/uploads\/2019\/08\/gap-1.png\" alt=\"\" data-id=\"471\" data-link=\"http:\/\/zarifhavalandirma.com.tr\/?attachment_id=471\" \/><\/a><\/p>\n<figcaption>GAP TEKST\u0130L-MALATYA<\/figcaption>\n<\/figure>\n<\/li>\n<li class=\"blocks-gallery-item\">\n<figure><a href=\"http:\/\/zarifhavalandirma.com.tr\/wp-content\/uploads\/2019\/08\/besler-1.png\"><img loading=\"lazy\" width=\"225\" height=\"124\" class=\"wp-image-468\" src=\"http:\/\/zarifhavalandirma.com.tr\/wp-content\/uploads\/2019\/08\/besler-1.png\" alt=\"\" data-id=\"468\" data-link=\"http:\/\/zarifhavalandirma.com.tr\/?attachment_id=468\" \/><\/a><\/p>\n<figcaption>BE\u015eLER TEKST\u0130L-KAYSER\u0130<\/figcaption>\n<\/figure>\n<\/li>\n<li class=\"blocks-gallery-item\">\n<figure><a href=\"http:\/\/zarifhavalandirma.com.tr\/wp-content\/uploads\/2019\/08\/gunes-1.png\"><img loading=\"lazy\" width=\"225\" height=\"86\" class=\"wp-image-473\" src=\"http:\/\/zarifhavalandirma.com.tr\/wp-content\/uploads\/2019\/08\/gunes-1.png\" alt=\"\" data-id=\"473\" data-link=\"http:\/\/zarifhavalandirma.com.tr\/?attachment_id=473\" \/><\/a><\/p>\n<figcaption>G\u00dcNE\u015e TEKST\u0130L-DEN\u0130ZL\u0130<\/figcaption>\n<\/figure>\n<\/li>\n<li class=\"blocks-gallery-item\">\n<figure><a href=\"http:\/\/zarifhavalandirma.com.tr\/wp-content\/uploads\/2019\/08\/\u00f6nc\u00fc-1.png\"><img loading=\"lazy\" width=\"225\" height=\"124\" class=\"wp-image-482\" src=\"http:\/\/zarifhavalandirma.com.tr\/wp-content\/uploads\/2019\/08\/\u00f6nc\u00fc-1.png\" alt=\"\" data-id=\"482\" data-link=\"http:\/\/zarifhavalandirma.com.tr\/?attachment_id=482\" \/><\/a><\/p>\n<figcaption>\u00d6NC\u00dc METAL -K.MARA\u015e<\/figcaption>\n<\/figure>\n<\/li>\n<li class=\"blocks-gallery-item\">\n<figure><a href=\"http:\/\/zarifhavalandirma.com.tr\/wp-content\/uploads\/2019\/08\/milteks-1.png\"><img loading=\"lazy\" width=\"225\" height=\"124\" class=\"wp-image-480\" src=\"http:\/\/zarifhavalandirma.com.tr\/wp-content\/uploads\/2019\/08\/milteks-1.png\" alt=\"\" data-id=\"480\" data-link=\"http:\/\/zarifhavalandirma.com.tr\/?attachment_id=480\" \/><\/a><\/p>\n<figcaption>M\u0130LTEKS BOYA -K.MARA\u015e<\/figcaption>\n<\/figure>\n<\/li>\n<li class=\"blocks-gallery-item\">\n<figure><a href=\"http:\/\/zarifhavalandirma.com.tr\/wp-content\/uploads\/2019\/08\/tutku-1.png\"><img loading=\"lazy\" width=\"225\" height=\"124\" class=\"wp-image-484\" src=\"http:\/\/zarifhavalandirma.com.tr\/wp-content\/uploads\/2019\/08\/tutku-1.png\" alt=\"\" data-id=\"484\" data-link=\"http:\/\/zarifhavalandirma.com.tr\/?attachment_id=484\" \/><\/a><\/p>\n<figcaption>TUTUKU METAL -K.MARA\u015e<\/figcaption>\n<\/figure>\n<\/li>\n<li class=\"blocks-gallery-item\">\n<figure><a href=\"http:\/\/zarifhavalandirma.com.tr\/wp-content\/uploads\/2019\/08\/mart\u0131-1.png\"><img loading=\"lazy\" width=\"225\" height=\"124\" class=\"wp-image-477\" src=\"http:\/\/zarifhavalandirma.com.tr\/wp-content\/uploads\/2019\/08\/mart\u0131-1.png\" alt=\"\" data-id=\"477\" data-link=\"http:\/\/zarifhavalandirma.com.tr\/?attachment_id=477\" \/><\/a><\/p>\n<figcaption>MARTI EV GERE\u00c7LER\u0130 -K.MARA\u015e<\/figcaption>\n<\/figure>\n<\/li>\n<li class=\"blocks-gallery-item\">\n<figure><a href=\"http:\/\/zarifhavalandirma.com.tr\/wp-content\/uploads\/2019\/08\/grand-1.png\"><img loading=\"lazy\" width=\"225\" height=\"124\" class=\"wp-image-472\" src=\"http:\/\/zarifhavalandirma.com.tr\/wp-content\/uploads\/2019\/08\/grand-1.png\" alt=\"\" data-id=\"472\" data-link=\"http:\/\/zarifhavalandirma.com.tr\/?attachment_id=472\" \/><\/a><\/p>\n<figcaption>GRAND METAL -K.MARA\u015e<\/figcaption>\n<\/figure>\n<\/li>\n<li class=\"blocks-gallery-item\">\n<figure><a href=\"http:\/\/zarifhavalandirma.com.tr\/wp-content\/uploads\/2019\/08\/bonera-1.png\"><img loading=\"lazy\" width=\"225\" height=\"124\" class=\"wp-image-469\" src=\"http:\/\/zarifhavalandirma.com.tr\/wp-content\/uploads\/2019\/08\/bonera-1.png\" alt=\"\" data-id=\"469\" data-link=\"http:\/\/zarifhavalandirma.com.tr\/?attachment_id=469\" \/><\/a><\/p>\n<figcaption>BONERA TUTKU METAL -K.MARA\u015e<\/figcaption>\n<\/figure>\n<\/li>\n<li class=\"blocks-gallery-item\">\n<figure><img loading=\"lazy\" class=\"alignnone wp-image-543 size-full\" src=\"https:\/\/zarifhavalandirma.com.tr\/wp-content\/uploads\/2019\/08\/akdeniz-metal-2.png\" alt=\"\" width=\"225\" height=\"96\" data-id=\"536\" data-link=\"https:\/\/zarifhavalandirma.com.tr\/?attachment_id=536\" \/><\/p>\n<figcaption>AKDEN\u0130Z MUTFAK &#8211; K.MARA\u015e<\/figcaption>\n<\/figure>\n<\/li>\n<li class=\"blocks-gallery-item\">\n<figure><a href=\"https:\/\/zarifhavalandirma.com.tr\/wp-content\/uploads\/2019\/08\/cabasan-1.png\"><img loading=\"lazy\" width=\"225\" height=\"87\" class=\"wp-image-537\" src=\"https:\/\/zarifhavalandirma.com.tr\/wp-content\/uploads\/2019\/08\/cabasan-1.png\" alt=\"\" data-id=\"537\" data-link=\"https:\/\/zarifhavalandirma.com.tr\/?attachment_id=537\" \/><\/a><\/p>\n<figcaption>\u00c7ABASAN &#8211; K.MARA\u015e<\/figcaption>\n<\/figure>\n<\/li>\n<li class=\"blocks-gallery-item\">\n<figure><img loading=\"lazy\" class=\"alignnone wp-image-544 size-full\" src=\"https:\/\/zarifhavalandirma.com.tr\/wp-content\/uploads\/2019\/08\/kirteks-2.png\" alt=\"\" width=\"225\" height=\"96\" data-id=\"538\" data-link=\"https:\/\/zarifhavalandirma.com.tr\/?attachment_id=538\" \/><\/p>\n<figcaption>DARO MENSUCAT &#8211; K.MARA\u015e<\/figcaption>\n<\/figure>\n<\/li>\n<li class=\"blocks-gallery-item\">\n<figure><img loading=\"lazy\" class=\"alignnone wp-image-545 size-full\" src=\"https:\/\/zarifhavalandirma.com.tr\/wp-content\/uploads\/2019\/08\/kurteks_105217-2.png\" alt=\"\" width=\"234\" height=\"96\" data-id=\"539\" data-link=\"https:\/\/zarifhavalandirma.com.tr\/?attachment_id=539\" \/><\/p>\n<figcaption>KURTEKS TEKST\u0130L &#8211; K.MARA\u015e<\/figcaption>\n<\/figure>\n<\/li>\n<\/ul>\n<p>[\/vc_column_text][\/vc_column][\/vc_row]<\/p>\n","protected":false},"excerpt":{"rendered":"<p>[vc_row][vc_column][vc_column_text][\/vc_column_text][\/vc_column][\/vc_row]<\/p>\n","protected":false},"author":1,"featured_media":0,"parent":0,"menu_order":0,"comment_status":"closed","ping_status":"closed","template":"","meta":[],"_links":{"self":[{"href":"https:\/\/zarifhavalandirma.com.tr\/index.php?rest_route=\/wp\/v2\/pages\/421"}],"collection":[{"href":"https:\/\/zarifhavalandirma.com.tr\/index.php?rest_route=\/wp\/v2\/pages"}],"about":[{"href":"https:\/\/zarifhavalandirma.com.tr\/index.php?rest_route=\/wp\/v2\/types\/page"}],"author":[{"embeddable":true,"href":"https:\/\/zarifhavalandirma.com.tr\/index.php?rest_route=\/wp\/v2\/users\/1"}],"replies":[{"embeddable":true,"href":"https:\/\/zarifhavalandirma.com.tr\/index.php?rest_route=%2Fwp%2Fv2%2Fcomments&post=421"}],"version-history":[{"count":19,"href":"https:\/\/zarifhavalandirma.com.tr\/index.php?rest_route=\/wp\/v2\/pages\/421\/revisions"}],"predecessor-version":[{"id":555,"href":"https:\/\/zarifhavalandirma.com.tr\/index.php?rest_route=\/wp\/v2\/pages\/421\/revisions\/555"}],"wp:attachment":[{"href":"https:\/\/zarifhavalandirma.com.tr\/index.php?rest_route=%2Fwp%2Fv2%2Fmedia&parent=421"}],"curies":[{"name":"wp","href":"https:\/\/api.w.org\/{rel}","templated":true}]}}